Calculate the greatest common factor of g and 7.
7
Let v(s) = -s**2 + 2*s + 4. Let i be v(3). Let g be 2*i/((-6)/(-15)). What is the greatest common divisor of 40 and g?
5
Let u(n) = 11*n**3 + 2*n**2 - n. Let c be u(1). Let p = 115 - 7. What is the highest common divisor of p and c?
12
Let k = -77 + 149. What is the greatest common divisor of k and 9?
9
Let t be (0 - 0) + 0 + 3. Suppose t*p = 5*p - 16. What is the highest common factor of p and 88?
8
Let m be (-6)/9 - (-33)/9. Suppose -2*g = 3*y - 58 - m, 0 = -5*y - 5. What is the highest common divisor of 80 and g?
16
Let p = 114 - 108. Calculate the greatest common divisor of p and 30.
6
Suppose 4*v - 106 = 2*l, -2*v + 43 = 4*l - 3*l. Calculate the highest common factor of 32 and v.
8
Let m(q) = q**2 - 5*q + 7. Let j be m(5). Calculate the highest common factor of 21 and j.
7
Let m be 2/4 + 8/16. Let d be (6 - -13)/(m + 0). What is the highest common factor of d and 19?
19
Let b(c) = -c**2 - 26*c - 6. Let p be b(-14). Calculate the highest common factor of p and 18.
18
Let c = 6 + -1. Suppose -64 = -6*h + c*h. Let x be 2*2 + (7 - -5). Calculate the greatest common factor of x and h.
16
Let f = 95 - 88. Let m(w) = 6*w**2 - w - 2. Let t be m(3). Calculate the greatest common divisor of f and t.
7
Let l(w) = 2*w**2 - 3*w + w - w**3 + 4 - 2*w**2 - 3*w**2. Let f be l(-3). Calculate the highest common factor of 2 and f.
2
Let o be 19 + (4/2)/2. What is the greatest common divisor of o and 4?
4
Suppose 4*p - 555 = 17. Calculate the greatest common factor of 13 and p.
13
Let z be -55*(-12 + (4 - -1)). Calculate the greatest common divisor of z and 35.
35
Let k = -2 + 3. Let v be k/(-1*2/2). Let q be (-6)/v*14/3. What is the highest common divisor of q and 14?
14
Suppose -4*d - 1 + 9 = 0. Let m be 36*(d + (-3)/6). What is the greatest common factor of 27 and m?
27
Suppose 6*p = -28 + 136. What is the greatest common divisor of p and 90?
18
Let j(o) = o**3 - 6*o**2 + o + 3. Let s be -6*(-1 + (3 - 3)). Let q be j(s). Calculate the greatest common factor of 81 and q.
9
Let v(x) = -3*x - 3. Let l be v(-9). Suppose j = -2*j + 6. Suppose -3*u - 2*f = -j*u - 3, -4*f = 3*u - 9. Calculate the greatest common factor of u and l.
3
Let t(p) = 4*p**2 + 5*p - 2. Let f be t(-4). What is the highest common divisor of 168 and f?
42
Suppose -16*a + 1801 = 569. Calculate the highest common factor of 7 and a.
7
Suppose -1 = -3*n - 64. Let d = 3 - n. What is the highest common divisor of 60 and d?
12
Suppose -3*q + 61 - 7 = 0. What is the greatest common factor of 162 and q?
18
Let r(g) = -7 + 4*g - g + 2*g. Let j be r(7). Calculate the highest common divisor of 112 and j.
28
Let a be (0 + 1)/(2/14). Let n(j) = 25*j - 10. Let z be n(a). Suppose 0 = 6*k - 3*k - z. Calculate the highest common divisor of k and 11.
11
Let c = 46 + -31. Suppose -4*b - c = b. Let z(r) = -2*r**3 - 3*r**2 + 2*r + 4. Let h be z(b). What is the highest common factor of 5 and h?
5
Let r = 34 - 23. Let n be (-2)/((6/(-77))/3). What is the highest common divisor of r and n?
11
Suppose -i - 3*i = -20. Suppose -3*v + v - i*j + 396 = 0, -2*j = 0. Calculate the highest common factor of 18 and v.
18
Let o = -16 - -25. Let w(z) = z**2 + 4*z + 4. Let j be w(-8). What is the greatest common factor of o and j?
9
Suppose -3*w + 440 = -415. What is the greatest common divisor of w and 15?
15
Let f(b) be the second derivative of -b**5/20 - 7*b**4/12 + 5*b**3/6 - 9*b**2/2 - b. Let w be f(-9). Calculate the greatest common factor of 12 and w.
12
Let n(y) = 5*y - 11. Let x be n(9). Let b = 59 - -26. Calculate the greatest common factor of b and x.
17
Suppose -4*b + 104 = 3*d, 11 = b - 2*d - 4. Calculate the highest common factor of b and 138.
23
Let y = -4 + 7. Let i(p) = -5*p - 4. Let d(g) = 1. Let m(x) = -20*d(x) - 4*i(x). Let s be m(y). What is the highest common divisor of s and 7?
7
Let b = 21 + -11. Let p(m) = -m + 40. Let t be p(0). What is the highest common divisor of b and t?
10
Let j = -1 - -3. Suppose -j*w + 0*w = -28. What is the highest common factor of w and 42?
14
Let i be (-17)/(-3) - 1/(-3). Calculate the greatest common divisor of 2 and i.
2
Let b(u) = -u**2 + 8*u + 4. Let r be b(8). Let k = -44 - -64. Calculate the highest common divisor of r and k.
4
Let o = 83 - 34. Suppose 3*h + o - 1 = 0. Let p = h - -24. Calculate the greatest common factor of 8 and p.
8
Let k be 228/9 - 3/9. What is the greatest common divisor of k and 75?
25
Let d be -98*(-1 - 1)/2. Let f = -1 + 15. What is the greatest common divisor of f and d?
14
Let k be ((-88)/33)/(4/78). Let z be ((-3)/(-12))/((-1)/k). Let x = 206 - 115. Calculate the highest common factor of z and x.
13
Suppose -294 = 5*g + 4*s - 1153, 340 = 2*g - 2*s. Let z = g + -96. What is the greatest common divisor of 15 and z?
15
Let h(n) = -31*n - 1. Let r be h(-1). Suppose p - r = -2*p. Let v = -7 + 17. What is the highest common factor of v and p?
10
Let f be (-1 + -2)/(2/(-12)). What is the highest common factor of 12 and f?
6
Suppose 84 - 20 = 8*p. Let h be (1/3)/(1/3). Calculate the greatest common factor of p and h.
1
Let j = 20 + -16. Calculate the highest common divisor of 1 and j.
1
Let j(l) be the second derivative of l**3/2 - 6*l**2 - 3*l. Let o be j(9). Let m = 61 - 31. What is the highest common factor of o and m?
15
Let u = 65 - -82. Calculate the highest common divisor of 21 and u.
21
Suppose 4*g - 12 = -2*i, 5*i + g = 9*i - 42. What is the greatest common factor of i and 15?
5
Let u = -2 - -1. Let d be (-3)/2*(u - 1). Suppose 0 = -2*s + d + 5. What is the greatest common factor of s and 40?
4
Let c = 7 - 18. Let s(u) = -22*u**2 - u + 1. Let t be s(1). Let p = c - t. What is the greatest common divisor of 44 and p?
11
Suppose 0 = -13*d + 5*d + 80. What is the highest common factor of d and 2?
2
Let v(p) = p**3 - 8*p**2 + p - 2. Suppose -t = 2*o - 6 - 12, -o + 6 = -t. Let i be v(o). What is the greatest common divisor of i and 54?
6
Let v be (2900/35)/5 + 8/(-14). Let c(b) = b**2 + 2*b. Let l(s) = s + 1. Let y be l(5). Let q be c(y). Calculate the highest common factor of q and v.
16
Suppose 2*c - 4*o - 32 = 0, 3*o + 4 + 13 = c. Let d be 1/2*(-11 + -1). Let l be (-2)/d - (-312)/9. What is the greatest common factor of l and c?
7
Let u = -3 + 7. Let b(n) = 3*n**2 - 4*n + 3. Let d be b(u). What is the greatest common factor of d and 7?
7
Suppose -2*z = -3*z + 1, 0 = -w + z + 3. Suppose 5*s + 5*r - 15 = -0*r, w*r - 9 = -s. Let h = 3 + 8. Calculate the greatest common divisor of h and s.
1
Suppose 0 = -7*c + 2*c + 20. Suppose 8 = -4*m, -c*m - 20 = 2*h - 5*h. What is the highest common factor of 36 and h?
4
Let y(o) = 2*o + 50. Let u be y(-13). Calculate the greatest common divisor of u and 8.
8
Let o be 132/21 - (-4)/(-14). Suppose 3*r + 5 - 2 = 0, -3*r - 19 = 4*c. Let l be c*((-21)/o - -1). Calculate the highest common divisor of l and 40.
10
Suppose -4*v = -2 - 6. Suppose -2*c = 4*t - 74, -5*t - v = 3. Calculate the greatest common factor of c and 13.
13
Suppose 2*w = -3*h - 3*w + 3, 3 = -2*h - 5*w. Let g be ((-72)/(-7) - 1) + (-4)/14. What is the highest common divisor of g and h?
3
Let j = 240 - 104. Let z be 2/(-6) - 330/9. Let y = z - -54. What is the greatest common divisor of j and y?
17
Suppose 0 = -3*b - 6 - 42. Let t be (0/(-1) + -1)*b. What is the greatest common divisor of t and 8?
8
Suppose 9*s - 4*s = 360. What is the highest common factor of s and 48?
24
Suppose 190 = -0*g + 10*g. What is the greatest common factor of g and 19?
19
Let d be (3 - 4)*1*-15. Suppose -2*u + x + 3 = -4, -4*u + 5*x + 23 = 0. Suppose 3*q - u - 7 = 0. Calculate the greatest common factor of d and q.
3
Suppose -3*i + 34 = 1. Calculate the highest common divisor of 11 and i.
11
Let n = 137 - 53. What is the highest common factor of n and 12?
12
Let s = 2 - 0. Suppose s*r = 3*r - 7. What is the highest common divisor of 49 and r?
7
Let q(p) = p**2 - 18*p - 1. Let c be q(19). What is the greatest common factor of 198 and c?
18
Let g = 14 - -83. Let f = -62 + g. Let i = -8 + f. Calculate the highest common factor of 9 and i.
9
Suppose 0 = -2*s - p + 19 + 10, 11 = s - 3*p. Let g be (-385)/s*(-4)/2. What is the greatest common divisor of 11 and g?
11
Suppose 4*i = -2*z + 16, 16 = z - 3*i + i. Let b be 6*(-1)